 common factor of 117 and o?
9
Suppose -268*x - 69 = -291*x. Suppose 0 = 2*d - 3*d - 1. Let t(s) = -8*s. Let v be t(d). Calculate the greatest common divisor of v and x.
1
Let l be (-252)/72*(-14 + 2/(-1)). Suppose 5*f - 15 = -5*c + 5, c - 4*f = 24. What is the highest common divisor of l and c?
8
Let t = -237 + 285. Calculate the greatest common factor of t and 648.
24
Let c = 17753 + -12591. Calculate the highest common factor of c and 356.
178
Let i be ((-2)/(-1))/((-6)/(-135)). Suppose -i = -v - 4*w, 182 = 5*v - w + 41. What is the greatest common factor of v and 174?
29
Let n be -3*(-19)/(-2 + (1 - 0)). Let h be (66/(-9))/((n/(-18))/(-19)). Calculate the highest common divisor of h and 33.
11
Suppose -30 = -2*p, 4*j + 1863*p = 1868*p + 7961. Suppose 41 + 164 = 5*n. What is the greatest common factor of n and j?
41
Let g(h) = h**3 + 10*h**2 - 2*h + 12. Let m = -1 + -9. Let u be g(m). Let o = -6 + u. Calculate the highest common divisor of 286 and o.
26
Let j(l) = 3*l**2 + 2*l. Let y be j(-6). Suppose 0 = -63*s - 949 + 5485. What is the highest common factor of s and y?
24
Let y = 54 - 54. Suppose -4*k + 57 - 1 = y. Let f be (-9*2/(-7))/(2/k). What is the highest common factor of f and 18?
18
Let w(t) = 3*t**2 + 5*t - 55. Let l be -2 + 7/4*8. Let u be w(l). Calculate the highest common factor of 23 and u.
23
Let w be 14/2*(6 - 0). Suppose -186*s - 45*s + 3234 = 0. What is the highest common factor of w and s?
14
Suppose q + 0*h = -h + 6, 0 = 2*h - 4. Let c be q*((-15)/(-10) + 1). Let v = 82 + -52. What is the highest common factor of c and v?
10
Let j = 529 + -487. Suppose j = 17*q - 14*q. What is the highest common factor of 224 and q?
14
Suppose -x - n = -13, 4*x - 4*n = -143 + 203. Calculate the highest common factor of 2471 and x.
7
Let r be -16*1*2/(7 - 11). Suppose 97 = 7*o - r. What is the greatest common divisor of o and 200?
5
Let n = 3195 + -2575. What is the highest common divisor of 480 and n?
20
Let g(l) = -l**3 - 5*l**2 + 2*l - 12. Let t(k) = 2*k + 3*k + 15 + 4. Let v be t(-5). Let h be g(v). Calculate the highest common divisor of 6 and h.
6
Let x be (-1 - 2)/(6/(-176)). Let k(a) = -38*a - 65. Let z be k(-2). Calculate the greatest common divisor of x and z.
11
Let d = 11511 - 9283. What is the greatest common factor of 8 and d?
4
Let r(u) = -u**3 + 20*u**2 + 19*u + 46. Let f be r(21). What is the highest common factor of f and 1714?
2
Let d be 2/(-7) + 12/(-7). Let u = 14985 + -14991. Let g be (1 + (-148)/8)*(u - d). What is the greatest common divisor of 28 and g?
14
Suppose 4 = -4*p + 5*p. Suppose 6*v - 3*v + 11 = 5*g, p*v = 4*g - 4. Suppose g*n - 3 = 25. Calculate the highest common factor of 28 and n.
7
Suppose -13*b = 3*b + 2*b - 23760. What is the highest common factor of 231 and b?
33
Let c = -251 - -187. Let t = 1 - c. What is the greatest common divisor of 52 and t?
13
Let q(m) = 7*m - 53. Suppose 0 = 2*b - 85 + 31. Let u be q(b). Calculate the greatest common factor of u and 24.
8
Let v = -235 + 242. Suppose v*g = 289 - 9. Suppose -3*i = 3*f - 33, -2*f + i + 19 = -0. What is the highest common divisor of g and f?
10
Suppose -17100 = 76*y - 91*y. What is the highest common factor of 450 and y?
30
Suppose -9937 = -30*d - 115*d + 213. Let k = 88 - 18. Calculate the highest common factor of d and k.
70
Let s(d) = -1225*d + 4433. Let j be s(-19). What is the greatest common divisor of 12 and j?
12
Let n be 8 - (-3 - -2 - -5). Let h(i) = 3*i - 8. Let v be h(n). What is the greatest common divisor of v and 1?
1
Suppose -5*r - 77*r - 55*r = -6576. Calculate the greatest common factor of r and 88.
8
Suppose h + 5*s + 8 = 0, 0 = 4*h - 6*h - 2*s. Suppose -h*q = -4*n - 220, 3*n = q + 33 - 147. What is the highest common divisor of 238 and q?
34
Let p be (3/(-2))/((3/3)/(-2)). Let d(a) = 9*a**3 - a**2 + 3*a - 3. Let b be d(p). Calculate the highest common divisor of 30 and b.
30
Suppose 0*a - 5*g = 3*a + 133, 0 = 2*a + g + 98. Let y = a + 87. Suppose -2*s + 38 = y. Calculate the highest common factor of s and 5.
1
Let t be (-112)/(-8) + (-520)/40. What is the highest common factor of 1939 and t?
1
Let c(k) = -410*k - 2451. Let l be c(-9). What is the greatest common factor of l and 105?
21
Let r be (1/(-2))/1*23/((-46)/224). Calculate the greatest common factor of r and 7280.
56
Let o be 0 + 1 + 1 + -66. Let q = o + 126. Suppose 9*h - 143 = -q. What is the highest common factor of h and 45?
9
Suppose 679*w - 659*w = 1040. Calculate the greatest common factor of w and 1378.
26
Let j be (-37)/(185/30) + (-1 - -332). Suppose -10*k + 90 = -40. What is the highest common divisor of j and k?
13
Let n = -134 + 168. Suppose n*m - 190 = 24*m. What is the highest common divisor of m and 57?
19
Suppose 4*t + 1413 = -5*f, 4*t + 2*f = 3*f - 1383. Let z = t + 352. Calculate the highest common factor of 65 and z.
5
Suppose i + 243 = 3*a + 6*i, 2*i + 59 = a. Calculate the highest common factor of 568 and a.
71
Suppose -n = -2*x - 987, 3*n + 4*x = 604 + 2327. Calculate the highest common divisor of n and 36.
9
Let x(d) = -41*d. Let n be x(-2). Let h = n + -77. Suppose -3*c - c + 60 = 0. What is the highest common factor of c and h?
5
Let z be (-1929)/(-5) + (-18)/10. What is the greatest common divisor of 7808 and z?
128
Let x(h) = -h**3 - 3*h**2 + 2*h - 3. Let k be x(-4). Suppose -938 = -11*y + 283. Suppose -y + 16 = -k*a. What is the highest common divisor of a and 95?
19
Let k = -179 - -319. Suppose g = y - 60 + 31, -g - 57 = -2*y. What is the highest common divisor of k and y?
28
Suppose 0 = 3*a - 1220 - 736. Suppose 5*j - 498 = a. Let w = 4945 + -4922. What is the highest common factor of w and j?
23
Let t be (12 - -109) + (-1)/1. Suppose 16*n - 936 = t. What is the greatest common divisor of 231 and n?
33
Let x(c) = -c**2 - 13 - 6*c + 6 + 0 + 0. Let d be x(-5). Let k be (d*8/(-3))/((-15)/(-180)). Calculate the greatest common divisor of k and 16.
16
Let y be (8777/(-655))/(2/170*-1). Calculate the greatest common divisor of y and 17.
17
Let h(b) = -b**3 + 12*b**2 - 4*b - 13. Let n be h(11). Let c = -7777 + 7809. Calculate the highest common factor of c and n.
32
Suppose 53*x = -326 + 414 + 548. Suppose -3*g + 444 - 96 = 0. Calculate the greatest common factor of g and x.
4
Let u(o) = -17*o - 7. Suppose -25 = -5*b, 5*f - 3*b - 8 = -58. Let l be u(f). Calculate the highest common divisor of l and 7.
7
Let g = -121 - -152. Let j(m) = m**3 - 29*m**2 - 55*m - 25. Let r be j(g). What is the greatest common divisor of r and 12?
12
Let v(k) = 2024*k + 8166. Let j be v(-4). Calculate the highest common factor of j and 1565.
5
Suppose -13*x + 32*x - 2128 = 0. Calculate the highest common divisor of x and 504.
56
Let j be 6/(-24) - 5838/(-56). What is the greatest common factor of 56 and j?
8
Suppose 142 = 5*x + 7. Suppose -4*v + 3*v = -x. Let r be (-4)/50 - (-8)/((-1200)/(-20262)). Calculate the highest common factor of v and r.
27
Suppose 6*k - 3*f = 9*k - 72, 1 = -f. Suppose -420 = -32*u + k*u. Calculate the greatest common divisor of 18 and u.
6
Suppose 3*o = 4*r + 710, 19*r + 940 = 4*o + 17*r. Suppose 8*u - 356 = 76. Calculate the highest common divisor of u and o.
18
Suppose -32 = 7*t - 11*t. Suppose -t*m = -4*m + 132. Let v be 6 + -6 + m/1*-1. What is the highest common factor of v and 22?
11
Suppose 2*w - 4*c - 2 = 0, 3*c + 40 = 4*w + 7*c. Let u be (-8 - 1)*(w - 140/15). Calculate the highest common factor of 91 and u.
7
Let x(h) = 2*h**3 - 5*h**2 - 2*h + 12. Let a be x(-4). Let c = 212 + a. Let f(u) = -u + 264. Let v be f(0). Calculate the highest common divisor of v and c.
24
Suppose 2*x = -11*x + 3*x + 15930. What is the highest common factor of x and 118?
59
Suppose 44*g - 43*g = 3*j + 45, -4*j - 188 = -4*g. Calculate the greatest common divisor of 804 and g.
12
Let r = 300 + -269. Suppose -7*k - r + 430 = 0. What is the highest common factor of 152 and k?
19
Let m = -1095 - -1281. Let y(w) = w**2 + 2. Let c be y(-2). Calculate the highest common factor of m and c.
6
Suppose -70597 = -36*d + 54192 - 9013. What is the greatest common divisor of 201 and d?
201
Let n be (189/(-4 - -1))/(7/(-49)). Let w be ((-10)/15)/((-2)/27). Calculate the highest common factor of n and w.
9
Suppose 2*m + l = 59559, 0 = m + 532*l - 531*l - 29781. Calc